{"id":8312,"date":"2023-10-10T10:48:03","date_gmt":"2023-10-10T10:48:03","guid":{"rendered":"https:\/\/soccorsowp.it\/blog\/?page_id=8312"},"modified":"2023-10-10T12:19:55","modified_gmt":"2023-10-10T12:19:55","slug":"attivazione-servizio-soccorso-wp","status":"publish","type":"page","link":"https:\/\/soccorsowp.it\/blog\/attivazione-servizio-soccorso-wp\/","title":{"rendered":"Attivazione servizio Soccorso WP"},"content":{"rendered":"<form method='post' enctype='multipart\/form-data' target='gform_ajax_frame_1' id='gform_1'  action='\/wp-admin\/admin-ajax.php#gf_1' data-formid='1' novalidate><input id=\"input_e3c1b424198aed7db5de6a40963bb12e\" type=\"hidden\" name=\"input_e3c1b424198aed7db5de6a40963bb12e\" value=\"\"\/><br \/>\n                        <label class='gfield_label gform-field-label' for='input_1_1' >Nome e Cognome(Obbligatorio)<\/label><input name='input_1' id='input_1_1' type='text' value='' class='large'     aria-required=\"true\" aria-invalid=\"false\"   \/> <label class='gfield_label gform-field-label' for='input_1_4' >Email(Obbligatorio)<\/label><br \/>\n                            <input name='input_4' id='input_1_4' type='email' value='' class='large'    aria-required=\"true\" aria-invalid=\"false\"  \/><br \/>\n                        <label class='gfield_label gform-field-label' for='input_1_3' >Telefono(Obbligatorio)<\/label><input name='input_3' id='input_1_3' type='tel' value='' class='large'   aria-required=\"true\" aria-invalid=\"false\"   \/><label class='gfield_label gform-field-label' for='input_1_8' >Hosting Provider(Obbligatorio)<\/label><select name='input_8' id='input_1_8' class='large gfield_select'  aria-describedby=\"gfield_description_1_8\"  aria-required=\"true\" aria-invalid=\"false\" ><option value='G Tech Group' >G Tech Group<\/option><option value='Auba' >Auba<\/option><option value='Register' >Register<\/option><option value='SiteGround' >SiteGround<\/option><option value='Tophost' >Tophost<\/option><option value='Host.it' >Host.it<\/option><option value='Shellrent' >Shellrent<\/option><option value='Web4Web' >Web4Web<\/option><option value='Hosting Solutions' >Hosting Solutions<\/option><option value='Serverplan' >Serverplan<\/option><option value='Supernova' >Supernova<\/option><option value='OVH' >OVH<\/option><option value='Keliweb' >Keliweb<\/option><option value='Netsons' >Netsons<\/option><option value='Bluehost' >Bluehost<\/option><option value='HostGator' >HostGator<\/option><option value='GoDaddy' >GoDaddy<\/option><option value='DreamHost' >DreamHost<\/option><option value='A2 Hosting' >A2 Hosting<\/option><option value='GreenGeeks' >GreenGeeks<\/option><option value='Kinsta' >Kinsta<\/option><option value='DigitalOcean' >DigitalOcean<\/option><option value='Amazon Web Services (AWS)' >Amazon Web Services (AWS)<\/option><option value='Hostinger' >Hostinger<\/option><\/select>Seleziona il tuo Hosting Provider<label class='gfield_label gform-field-label' for='input_1_9' >Credenziali Hosting Provider(Obbligatorio)<\/label><textarea name='input_9' id='input_1_9' class='textarea large'    placeholder='Inserisci qui le credenziali dell&#039;hosting provider o gli accessi ftp e MySQL (Database). Questi accessi sono necessari per intervenire in caso di problemi.' aria-required=\"true\" aria-invalid=\"false\"   rows='10' cols='50'><\/textarea><label class='gfield_label gform-field-label' for='input_1_6' >Sito Web dove attivare il servizio(Obbligatorio)<\/label><br \/>\n                    <input name='input_6' id='input_1_6' type='url' value='' class='large'    placeholder='https:\/\/' aria-required=\"true\" aria-invalid=\"false\"\/><br \/>\n                <label class='gfield_label gform-field-label' for='input_1_17' >Credenziali Sito Web(Obbligatorio)<\/label><textarea name='input_17' id='input_1_17' class='textarea large'    placeholder='Inserisci qui la login al tuo sito web WordPress se il sito web non \u00e8 gestito direttamente da noi ti chiediamo di creare una nuova utenza con l&#039;username: G Tech Group e email: support@gtechgroup.it per la password potrai lasciare quella generata in automatico da WordPress stesso.' aria-required=\"true\" aria-invalid=\"false\"   rows='10' cols='50'><\/textarea><\/p>\n<fieldset id=\"field_1_7\"   data-js-reload=\"field_1_7\">\n<legend class='gfield_label gform-field-label gfield_label_before_complex'  >Quale servizio vuoi attivare?(Obbligatorio)<\/legend>\n<p>\t\t\t\t\t\t\t\t<input class='gfield-choice-input' name='input_7.1' type='checkbox'  value='SoccorsoWP.it Annuale (99,00 \u20ac \/ anno)'  id='choice_1_7_1'   \/><br \/>\n\t\t\t\t\t\t\t\t<label for='choice_1_7_1' id='label_1_7_1' class='gform-field-label gform-field-label--type-inline'>SoccorsoWP.it Annuale (99,00 \u20ac \/ anno)<\/label><br \/>\n\t\t\t\t\t\t\t\t<input class='gfield-choice-input' name='input_7.2' type='checkbox'  value='SoccorsoWP.it Mensile (49,00 \u20ac \/ mese)'  id='choice_1_7_2'   \/><br \/>\n\t\t\t\t\t\t\t\t<label for='choice_1_7_2' id='label_1_7_2' class='gform-field-label gform-field-label--type-inline'>SoccorsoWP.it Mensile (49,00 \u20ac \/ mese)<\/label><br \/>\n\t\t\t\t\t\t\t\t<input class='gfield-choice-input' name='input_7.3' type='checkbox'  value='Soccorso WP.it VIP (79,00 \u20ac \/ mese)'  id='choice_1_7_3'   \/><br \/>\n\t\t\t\t\t\t\t\t<label for='choice_1_7_3' id='label_1_7_3' class='gform-field-label gform-field-label--type-inline'>Soccorso WP.it VIP (79,00 \u20ac \/ mese)<\/label><br \/>\n\t\t\t\t\t\t\t<\/fieldset>\n<fieldset id=\"field_1_10\"   data-js-reload=\"field_1_10\">\n<legend class='gfield_label gform-field-label gfield_label_before_complex'  >Dichiarazione di Funzionamento del Sito Web(Obbligatorio)<\/legend>\n<p>\t\t\t\t\t\t\t\t<input class='gfield-choice-input' name='input_10.1' type='checkbox'  value='Confermando l&#039;accettazione di questo disclaimer, dichiaro che, al momento dell&#039;attivazione del servizio, il mio sito web \u00e8 perfettamente funzionante, non presenta interruzioni, malfunzionamenti o anomalie di alcun tipo. Assumo piena responsabilit\u00e0 per qualsiasi dichiarazione falsa o inesatta fatta in merito.'  id='choice_1_10_1'   \/><br \/>\n\t\t\t\t\t\t\t\t<label for='choice_1_10_1' id='label_1_10_1' class='gform-field-label gform-field-label--type-inline'>Confermando l&#8217;accettazione di questo disclaimer, dichiaro che, al momento dell&#8217;attivazione del servizio, il mio sito web \u00e8 perfettamente funzionante, non presenta interruzioni, malfunzionamenti o anomalie di alcun tipo. Assumo piena responsabilit\u00e0 per qualsiasi dichiarazione falsa o inesatta fatta in merito.<\/label><br \/>\n\t\t\t\t\t\t\t<\/fieldset>\n<fieldset id=\"field_1_11\"   data-js-reload=\"field_1_11\">\n<legend class='gfield_label gform-field-label gfield_label_before_complex'  >Dichiarazione sulla Sicurezza del Sito Web(Obbligatorio)<\/legend>\n<p>\t\t\t\t\t\t\t\t<input class='gfield-choice-input' name='input_11.1' type='checkbox'  value='Facendo clic per accettare, confermo e garantisco che il mio sito web, al momento dell&#039;attivazione del servizio, \u00e8 privo di virus, malware, trojan o qualsiasi altro tipo di software dannoso e che non ha ricevuto segnalazioni o avvisi relativi a tali problemi. In caso contrario, comprendo che qualsiasi danno o problema successivo al mio sito web o alla rete del fornitore di servizi, causato da tali minacce, sar\u00e0 di mia esclusiva responsabilit\u00e0.'  id='choice_1_11_1'   \/><br \/>\n\t\t\t\t\t\t\t\t<label for='choice_1_11_1' id='label_1_11_1' class='gform-field-label gform-field-label--type-inline'>Facendo clic per accettare, confermo e garantisco che il mio sito web, al momento dell&#8217;attivazione del servizio, \u00e8 privo di virus, malware, trojan o qualsiasi altro tipo di software dannoso e che non ha ricevuto segnalazioni o avvisi relativi a tali problemi. In caso contrario, comprendo che qualsiasi danno o problema successivo al mio sito web o alla rete del fornitore di servizi, causato da tali minacce, sar\u00e0 di mia esclusiva responsabilit\u00e0.<\/label><br \/>\n\t\t\t\t\t\t\t<\/fieldset>\n<fieldset id=\"field_1_12\"   data-js-reload=\"field_1_12\">\n<legend class='gfield_label gform-field-label gfield_label_before_complex'  >Limitazione di Responsabilit\u00e0(Obbligatorio)<\/legend>\n<p>\t\t\t\t\t\t\t\t<input class='gfield-choice-input' name='input_12.1' type='checkbox'  value='Facendo clic per accettare, riconosco e accetto che la societ\u00e0 fornitrice del servizio non pu\u00f2 essere ritenuta responsabile per eventuali danni, perdite o inconvenienti che potrebbero derivare da problemi esistenti sul mio sito web al momento dell&#039;attivazione del servizio o da dichiarazioni inesatte fatte da me in relazione al funzionamento o alla sicurezza del mio sito web.'  id='choice_1_12_1'   \/><br \/>\n\t\t\t\t\t\t\t\t<label for='choice_1_12_1' id='label_1_12_1' class='gform-field-label gform-field-label--type-inline'>Facendo clic per accettare, riconosco e accetto che la societ\u00e0 fornitrice del servizio non pu\u00f2 essere ritenuta responsabile per eventuali danni, perdite o inconvenienti che potrebbero derivare da problemi esistenti sul mio sito web al momento dell&#8217;attivazione del servizio o da dichiarazioni inesatte fatte da me in relazione al funzionamento o alla sicurezza del mio sito web.<\/label><br \/>\n\t\t\t\t\t\t\t<\/fieldset>\n<fieldset id=\"field_1_13\"   data-js-reload=\"field_1_13\">\n<legend class='gfield_label gform-field-label gfield_label_before_complex'  >Dichiarazione sulla Regolarit\u00e0 delle Licenze dei Plugin(Obbligatorio)<\/legend>\n<p>\t\t\t\t\t\t\t\t<input class='gfield-choice-input' name='input_13.1' type='checkbox'  value='Con l&#039;accettazione di questo disclaimer, confermo e garantisco che tutti i plugin installati e utilizzati sul mio sito web sono accompagnati da licenze appropriate e legittime. Dichiaro inoltre che le licenze sono state acquistate regolarmente e sono in piena conformit\u00e0 con i termini e le condizioni dei rispettivi fornitori. Comprendo che qualsiasi responsabilit\u00e0 derivante dall&#039;utilizzo di plugin non licenziati o in violazione dei termini di licenza sar\u00e0 a mio carico.'  id='choice_1_13_1'   \/><br \/>\n\t\t\t\t\t\t\t\t<label for='choice_1_13_1' id='label_1_13_1' class='gform-field-label gform-field-label--type-inline'>Con l&#8217;accettazione di questo disclaimer, confermo e garantisco che tutti i plugin installati e utilizzati sul mio sito web sono accompagnati da licenze appropriate e legittime. Dichiaro inoltre che le licenze sono state acquistate regolarmente e sono in piena conformit\u00e0 con i termini e le condizioni dei rispettivi fornitori. Comprendo che qualsiasi responsabilit\u00e0 derivante dall&#8217;utilizzo di plugin non licenziati o in violazione dei termini di licenza sar\u00e0 a mio carico.<\/label><br \/>\n\t\t\t\t\t\t\t<\/fieldset>\n<fieldset id=\"field_1_14\"   data-js-reload=\"field_1_14\">\n<legend class='gfield_label gform-field-label gfield_label_before_complex'  >Dichiarazione sulla Regolarit\u00e0 delle Licenze dei Template(Obbligatorio)<\/legend>\n<p>\t\t\t\t\t\t\t\t<input class='gfield-choice-input' name='input_14.1' type='checkbox'  value='Facendo clic per accettare, attest\u00f2 e assicuro che ogni template o tema utilizzato sul mio sito web \u00e8 coperto da una licenza valida e legalmente acquistata. Assumo piena responsabilit\u00e0 per qualsiasi conseguenza legale, tecnica o di altro tipo che potrebbe derivare dall&#039;utilizzo di template o temi non correttamente licenziati o in violazione delle condizioni di licenza dei rispettivi fornitori.'  id='choice_1_14_1'   \/><br \/>\n\t\t\t\t\t\t\t\t<label for='choice_1_14_1' id='label_1_14_1' class='gform-field-label gform-field-label--type-inline'>Facendo clic per accettare, attest\u00f2 e assicuro che ogni template o tema utilizzato sul mio sito web \u00e8 coperto da una licenza valida e legalmente acquistata. Assumo piena responsabilit\u00e0 per qualsiasi conseguenza legale, tecnica o di altro tipo che potrebbe derivare dall&#8217;utilizzo di template o temi non correttamente licenziati o in violazione delle condizioni di licenza dei rispettivi fornitori.<\/label><br \/>\n\t\t\t\t\t\t\t<\/fieldset>\n<fieldset id=\"field_1_15\"   data-js-reload=\"field_1_15\">\n<legend class='gfield_label gform-field-label gfield_label_before_complex'  >Disclaimer sull&#039;Intervento sul Sito Web:(Obbligatorio)<\/legend>\n<p>\t\t\t\t\t\t\t\t<input class='gfield-choice-input' name='input_15.1' type='checkbox'  value='Con l&#039;attivazione del Servizio Soccorso WP, espressamente autorizzo e do il mio consenso affinch\u00e9 G Tech Group di Gianluca Gentile acceda, intervenga e apporti modifiche al mio sito web. Ci\u00f2 include la modifica, la sostituzione o l&#039;aggiornamento di plugin o qualsiasi altro componente al fine di migliorarne il funzionamento, la sicurezza e la performance. Sono consapevole delle potenziali modifiche che potrebbero essere effettuate e accetto la responsabilit\u00e0 delle decisioni prese in merito alle modifiche sul mio sito.'  id='choice_1_15_1'   \/><br \/>\n\t\t\t\t\t\t\t\t<label for='choice_1_15_1' id='label_1_15_1' class='gform-field-label gform-field-label--type-inline'>Con l&#8217;attivazione del Servizio Soccorso WP, espressamente autorizzo e do il mio consenso affinch\u00e9 G Tech Group di Gianluca Gentile acceda, intervenga e apporti modifiche al mio sito web. Ci\u00f2 include la modifica, la sostituzione o l&#8217;aggiornamento di plugin o qualsiasi altro componente al fine di migliorarne il funzionamento, la sicurezza e la performance. Sono consapevole delle potenziali modifiche che potrebbero essere effettuate e accetto la responsabilit\u00e0 delle decisioni prese in merito alle modifiche sul mio sito.<\/label><br \/>\n\t\t\t\t\t\t\t<\/fieldset>\n<fieldset id=\"field_1_16\"   data-js-reload=\"field_1_16\">\n<legend class='gfield_label gform-field-label gfield_label_before_complex'  >Tempistiche di Intervento in Caso di Problemi(Obbligatorio)<\/legend>\n<p>\t\t\t\t\t\t\t\t<input class='gfield-choice-input' name='input_16.1' type='checkbox'  value='Al momento della segnalazione di un problema relativo al tuo sito web, ci impegniamo a rispondere e iniziare l&#039;intervento entro 24 ore dalla ricezione della tua comunicazione. Tuttavia, ti preghiamo di notare che la risoluzione completa di determinate problematiche potrebbe richiedere un lasso di tempo maggiore, in base alla complessit\u00e0 dell&#039;issue presentato. Per garantire un&#039;azione tempestiva e efficace, tutte le segnalazioni dovranno essere inviate esclusivamente all&#039;indirizzo email: support@gtechgroup.it. La tua collaborazione e comprensione sono fondamentali per garantire una soluzione rapida e soddisfacente.'  id='choice_1_16_1'   \/><br \/>\n\t\t\t\t\t\t\t\t<label for='choice_1_16_1' id='label_1_16_1' class='gform-field-label gform-field-label--type-inline'>Al momento della segnalazione di un problema relativo al tuo sito web, ci impegniamo a rispondere e iniziare l&#8217;intervento entro 24 ore dalla ricezione della tua comunicazione. Tuttavia, ti preghiamo di notare che la risoluzione completa di determinate problematiche potrebbe richiedere un lasso di tempo maggiore, in base alla complessit\u00e0 dell&#8217;issue presentato. Per garantire un&#8217;azione tempestiva e efficace, tutte le segnalazioni dovranno essere inviate esclusivamente all&#8217;indirizzo email: support@gtechgroup.it. La tua collaborazione e comprensione sono fondamentali per garantire una soluzione rapida e soddisfacente.<\/label><br \/>\n\t\t\t\t\t\t\t<\/fieldset>\n<fieldset id=\"field_1_18\"   data-js-reload=\"field_1_18\">\n<legend class='gfield_label gform-field-label gfield_label_before_complex'  >Esclusivit\u00e0 degli Interventi di Manutenzione(Obbligatorio)<\/legend>\n<p>\t\t\t\t\t\t\t\t<input class='gfield-choice-input' name='input_18.1' type='checkbox'  value='Una volta attivato il nostro servizio di Soccorso WP, \u00e8 fondamentale che nessuna terza parte intervenga nella manutenzione e nell&#039;assistenza tecnica del tuo sito web senza un nostro preventivo consenso scritto. Questa misura \u00e8 prevista per garantire la coerenza e la qualit\u00e0 degli interventi, evitando possibili conflitti o problemi derivanti da modifiche non coordinate.  Nel caso in cui si verifichi un intervento esterno non autorizzato durante la durata del nostro servizio, qualsiasi lavoro necessario per ripristinare la gestione e la manutenzione del sito web secondo i nostri standard sar\u00e0 tariffato al costo di \u20ac 70 + IVA per ogni ora di intervento'  id='choice_1_18_1'   \/><br \/>\n\t\t\t\t\t\t\t\t<label for='choice_1_18_1' id='label_1_18_1' class='gform-field-label gform-field-label--type-inline'>Una volta attivato il nostro servizio di Soccorso WP, \u00e8 fondamentale che nessuna terza parte intervenga nella manutenzione e nell&#8217;assistenza tecnica del tuo sito web senza un nostro preventivo consenso scritto. Questa misura \u00e8 prevista per garantire la coerenza e la qualit\u00e0 degli interventi, evitando possibili conflitti o problemi derivanti da modifiche non coordinate.  Nel caso in cui si verifichi un intervento esterno non autorizzato durante la durata del nostro servizio, qualsiasi lavoro necessario per ripristinare la gestione e la manutenzione del sito web secondo i nostri standard sar\u00e0 tariffato al costo di \u20ac 70 + IVA per ogni ora di intervento<\/label><br \/>\n\t\t\t\t\t\t\t<\/fieldset>\n<p><label class='gfield_label gform-field-label' for='input_1_20' >Firma(Obbligatorio)<\/label><input type='hidden' class='gform_hidden' name='input_1_20_valid' id='input_1_20_valid' \/><canvas id='input_1_20' width='300' height='180'><\/canvas><label class='gfield_label gform-field-label' for='input_1_19' >CAPTCHA<\/label><\/p>\n<fieldset id=\"field_1_21\"   data-js-reload=\"field_1_21\">\n<legend class='gfield_label gform-field-label gfield_label_before_complex'  >Per inviare questo modulo, devi accettare la nostra dichiarazione sulla privacy(Obbligatorio)<\/legend>\n<p>\t\t\t\t\t\t\t\t<input class='gfield-choice-input' name='input_21.1' type='checkbox'  value='Accetta'  id='choice_1_21_1'   aria-describedby=\"gfield_description_1_21\"\/><br \/>\n\t\t\t\t\t\t\t\t<label for='choice_1_21_1' id='label_1_21_1' class='gform-field-label gform-field-label--type-inline'>Accetta<\/label><br \/>\n\t\t\t\t\t\t\t<a href=\"https:\/\/soccorsowp.it\/blog\/dichiarazione-sulla-privacy-ue\/?cmplz_region_redirect=true\">Dichiarazione sulla Privacy<\/a><\/fieldset>\n<p>         <input type='submit' id='gform_submit_button_1' class='gform_button button' value='Invia'  onclick='if(window[\"gf_submitting_1\"]){return false;}  if( !jQuery(\"#gform_1\")[0].checkValidity || jQuery(\"#gform_1\")[0].checkValidity()){window[\"gf_submitting_1\"]=true;}  ' onkeypress='if( event.keyCode == 13 ){ if(window[\"gf_submitting_1\"]){return false;} if( !jQuery(\"#gform_1\")[0].checkValidity || jQuery(\"#gform_1\")[0].checkValidity()){window[\"gf_submitting_1\"]=true;}  jQuery(\"#gform_1\").trigger(\"submit\",[true]); }' \/> <input type='hidden' name='gform_ajax' value='form_id=1&amp;title=&amp;description=&amp;tabindex=0' \/><br \/>\n            <input type='hidden' class='gform_hidden' name='is_submit_1' value='1' \/><br \/>\n            <input type='hidden' class='gform_hidden' name='gform_submit' value='1' \/><br \/>\n            <input type='hidden' class='gform_hidden' name='gform_unique_id' value='' \/><br \/>\n            <input type='hidden' class='gform_hidden' name='state_1' value='WyJ7XCI4XCI6W1wiYjdjODQ2MzBmNWE1MTg0NDM1NzY5YWNjZTgzYmIyZWJcIixcImI3MDQzYTk3ODM5NjU3MGMzMjkxOTIzMjRjNDBlYTQzXCIsXCI2Y2ViZDM2ZmMxMTZhMGIzYmQwODE0MzRjNTk0MzNlOVwiLFwiNGIwYzFlNTQ3NzdkMjEyYjY1MzVlZjhlYjNhYTM3MWJcIixcImRmMGIxZjk5ZjA2N2FmYzU3YTVmYWI0NDllNmNhMDMxXCIsXCIyY2E1OGE4M2QyZTk5YTJhN2IzZDZmOWU0Y2Q4YjUxZlwiLFwiNmYzMzQxZDg5YmU3MGRjZGZlYzMzNWZiYTA4ZmJmOTJcIixcIjQ0M2Q5NWFjZTcwYmQyNDdkN2JmNWE0ZTY3YzM5ZTUwXCIsXCI5YzkwZjRkZGNiZDJkNzg3NzZjMmM1MDBmNDEwN2Q1YlwiLFwiY2MyM2EyOTQwNjgxNzkyMjA0YzY2YTMzYTI5NDg5Y2ZcIixcImE1ZTU5NjUxNjY2NWVjMDBjZjFjMmFhYjk4MDQ3MDk1XCIsXCI1M2M5MTcwNGZhMzIwMTA5OWRkZjQ5N2Y5YmJhNTA5NlwiLFwiZTliYTQ0NTUyZGUxZjQ3M2JkZjM1MjUzN2JjMmI3NGNcIixcIjBkYTUyYTc1N2VkMWM2M2JkNDdiNDk2MThmMzI5YTU3XCIsXCIxZjMyMDIwMmYxMmZlMjc3NjM1NGM3MjQxZWJiM2U2OVwiLFwiMTBmMDJhNjRkMzE1ZWFmMmNlODhiMzdkZTMyNzZhYTZcIixcIjkyMzExN2Q5MTI2MmRjMzcwZmYxNTg4NzhhZWVmZjE5XCIsXCI1ZjM2OGNiOWYyZmZlMmNhNjg1ZDYxZjJjMTQ1M2ExN1wiLFwiNjAyMWRkNTcxMDVhOWM0ZTg2NDc3ODZhZTI0NTU5NDBcIixcIjM1MjdhNTgzZjljODIxOTg5NDFkY2JmNWJkN2MwMTBhXCIsXCI0OTY0NjE5YTQ3MjNhZTkzMjAwYmEzMDFjOGMzODg5ZlwiLFwiMDcyNjZhZDFmNTY2ZGY3NGE2YTIzZmVjZWJiMzc1OTVcIixcIjI2ZGQ3MjBhZWIyYzNjZWZlNmViMGE3MTQzZGJkNDdmXCIsXCI5M2VmOGE1MGU1MjJjZTY1YzJkZTBiYzFhNDVkYmRiMVwiXSxcIjcuMVwiOlwiNjM0MWM1NTg4N2NjZjkwNDFkMmJkNzMxYWI1NTBjNDFcIixcIjcuMlwiOlwiZmZkYmQ1ZDA0MWYzNjlhZjYyMWRiMmE2ZTk1YjZhNjVcIixcIjcuM1wiOlwiNzg3MGExZGUzOTE5NTQ5Y2Q0ZGE0YzEyMjM4N2VmYjlcIixcIjEwLjFcIjpcIjJkNzVjMjQ4NWMyMWU2Y2YzNGQ3ZTFkMjQ0YjhhMjM2XCIsXCIxMS4xXCI6XCI2ZTc5YWIxZWFjNGEzNDQ5MTE0OTFkZGJjMDU2ZDg0NlwiLFwiMTIuMVwiOlwiZDI0ZTkwM2YyNDU0YjM0YThlMWNkMDc5ODNkZmZjODRcIixcIjEzLjFcIjpcIjNjMWM1YTkxYTQ3NzA2NTg3MmE3ODNkYmJhYzM1ZDU3XCIsXCIxNC4xXCI6XCI1ZDkwYjE1NDBjY2NmM2FkY2NiZTc0OGNhOTIwZDBhY1wiLFwiMTUuMVwiOlwiN2E4MGIwN2NmY2JhOWU0YzQwZGE2NGM5ZjkyODI5Y2JcIixcIjE2LjFcIjpcIjUwNDcyZDM4NTNmYTc4ZDcyNjk4MWQ1NGM5NmQ5NDM1XCIsXCIxOC4xXCI6XCI5MjI4NTkzMmI3ZWRjMjE4ZDhiMmVkNjVmNmJlN2I0OVwifSIsIjZlNjZhMzViMmFhYjZjMDZmODNmZmYxMGMzMjU4NWQ1Il0=' \/><br \/>\n            <input type='hidden' class='gform_hidden' name='gform_target_page_number_1' id='gform_target_page_number_1' value='0' \/><br \/>\n            <input type='hidden' class='gform_hidden' name='gform_source_page_number_1' id='gform_source_page_number_1' value='1' \/><br \/>\n            <input type='hidden' name='gform_field_values' value='' \/><br \/>\n                        <\/form>\n<p>\t\t                <iframe style='display:none;width:0px;height:0px;' src='about:blank' name='gform_ajax_frame_1' id='gform_ajax_frame_1' title='Questo iframe contiene la logica necessaria per gestire Gravity Forms con Ajax.'><\/iframe><\/p>\n","protected":false},"excerpt":{"rendered":"<p>Nome e Cognome(Obbligatorio) Email(Obbligatorio) Telefono(Obbligatorio)Hosting Provider(Obbligatorio)G Tech GroupAubaRegisterSiteGroundTophostHost.itShellrentWeb4WebHosting SolutionsServerplanSupernovaOVHKeliwebNetsonsBluehostHostGatorGoDaddyDreamHostA2 HostingGreenGeeksKinstaDigitalOceanAmazon Web Services (AWS)HostingerSeleziona il tuo Hosting ProviderCredenziali Hosting Provider(Obbligatorio)Sito Web dove attivare il servizio(Obbligatorio) Credenziali&#8230;<\/p>\n","protected":false},"author":1,"featured_media":0,"parent":0,"menu_order":0,"comment_status":"closed","ping_status":"closed","template":"","meta":{"_seopress_robots_primary_cat":"","_seopress_titles_title":"","_seopress_titles_desc":"","_seopress_robots_index":"","footnotes":""},"class_list":["post-8312","page","type-page","status-publish"],"_links":{"self":[{"href":"https:\/\/soccorsowp.it\/blog\/wp-json\/wp\/v2\/pages\/8312","targetHints":{"allow":["GET"]}}],"collection":[{"href":"https:\/\/soccorsowp.it\/blog\/wp-json\/wp\/v2\/pages"}],"about":[{"href":"https:\/\/soccorsowp.it\/blog\/wp-json\/wp\/v2\/types\/page"}],"author":[{"embeddable":true,"href":"https:\/\/soccorsowp.it\/blog\/wp-json\/wp\/v2\/users\/1"}],"replies":[{"embeddable":true,"href":"https:\/\/soccorsowp.it\/blog\/wp-json\/wp\/v2\/comments?post=8312"}],"version-history":[{"count":0,"href":"https:\/\/soccorsowp.it\/blog\/wp-json\/wp\/v2\/pages\/8312\/revisions"}],"wp:attachment":[{"href":"https:\/\/soccorsowp.it\/blog\/wp-json\/wp\/v2\/media?parent=8312"}],"curies":[{"name":"wp","href":"https:\/\/api.w.org\/{rel}","templated":true}]}}